{"id":702,"date":"2025-12-30T12:53:47","date_gmt":"2025-12-30T10:53:47","guid":{"rendered":"https:\/\/batiderm.fr\/?page_id=702"},"modified":"2025-12-30T12:53:47","modified_gmt":"2025-12-30T10:53:47","slug":"etudes-hygrothermiques-de-parois-et-ventilation-gestion-des-molecules","status":"publish","type":"page","link":"https:\/\/batiderm.fr\/index.php\/etudes-hygrothermiques-de-parois-et-ventilation-gestion-des-molecules\/","title":{"rendered":"Etudes hygrothermiques de parois et ventilation \u00ab\u00a0gestion des mol\u00e9cules\u00a0\u00bb"},"content":{"rendered":"\n<h1 class=\"wp-block-heading has-text-align-center has-custom-color-1-color has-text-color has-link-color has-large-font-size wp-elements-0b31b436ac3ef06f3eb900a8e41e99ff\"><strong>Etudes hygrothermiques de parois (sous WUFI) et ventilation \u00ab\u00a0gestion des mol\u00e9cules\u00a0\u00bb<\/strong><\/h1>\n\n\n\n<p>Nouveau : Apr\u00e8s un travail de plusieurs mois, r\u00e9alis\u00e9 pour le projet de recherche Profeel 2 RESTORE, B\u00e2tiderm ing\u00e9nierie a d\u00e9velopp\u00e9 une expertise en simulation hygrothermique dynamique, en s&rsquo;appuyant notamment sur les travaux publi\u00e9s par le meilleurs centres scientifiques publics ou semi-publics fran\u00e7ais (CSTB et CEREMA). Nous proposons \u00e0 partir de janvier 2026 de mettre ce savoir-faire \u00e0 disposition des entreprises, des architectes et de tous les concepteurs de parois en vu valider les complexes isolants lorsqu&rsquo;un doute existe.<\/p>\n\n\n\n<p>Nous pouvons valider les complexes en partie courante (simulation en 1 dimension) mais aussi les points particuliers (simulation en 2 dimensions) :<\/p>\n\n\n\n<ul class=\"wp-block-list is-style-checkmark-list\">\n<li>Validation des compositions d\u2019isolation par \u00e9tude hygrothermique dynamique 1 Dimension sous WUFI Pro<\/li>\n\n\n\n<li>Validation des compositions d\u2019isolation de parois h\u00e9t\u00e9rog\u00e8nes par \u00e9tude hygrothermique dynamique 2 Dimension sous WUFI 2D<\/li>\n\n\n\n<li>Validation des points particuliers par \u00e9tude hygrothermique dynamique 2 Dimension sous WUFI 2D<\/li>\n<\/ul>\n\n\n\n<p>Par ailleurs, B\u00e2tiderm ing\u00e9nierie poss\u00e8de une expertise en conception et sp\u00e9cification de syst\u00e8mes performants de ventilation. Notamment en syst\u00e8mes de ventilation \u00e0 double-flux avec r\u00e9cup\u00e9ration de chaleur :<\/p>\n\n\n\n<ul class=\"wp-block-list is-style-checkmark-list\">\n<li>Conception de syst\u00e8mes de ventilation performants<\/li>\n\n\n\n<li>Sp\u00e9cification des syst\u00e8mes de ventilation \u00e0 double-flux pour les entreprises<\/li>\n<\/ul>\n\n\n\n<p class=\"has-text-align-center\"><mark style=\"background-color:rgba(0, 0, 0, 0);color:#ff0000\" class=\"has-inline-color\">Nous travaillons actuellement \u00e0 \u00e9toffer cette page, n&rsquo;h\u00e9sitez pas \u00e0 nous contacter ou \u00e0 revenir prochainement ici pour en savoir plus.<\/mark><\/p>\n","protected":false},"excerpt":{"rendered":"<p>Etudes hygrothermiques de parois (sous WUFI) et ventilation \u00ab\u00a0gestion des mol\u00e9cules\u00a0\u00bb Nouveau : Apr\u00e8s un travail de plusieurs mois, r\u00e9alis\u00e9 pour le projet de recherche Profeel 2 RESTORE, B\u00e2tiderm ing\u00e9nierie a d\u00e9velopp\u00e9 une expertise en simulation hygrothermique dynamique, en s&rsquo;appuyant notamment sur les travaux publi\u00e9s par le meilleurs centres scientifiques publics ou semi-publics fran\u00e7ais (CSTB [&hellip;]<\/p>\n","protected":false},"author":1,"featured_media":458,"parent":0,"menu_order":0,"comment_status":"closed","ping_status":"closed","template":"page-with-sidebar","meta":{"footnotes":""},"class_list":["post-702","page","type-page","status-publish","has-post-thumbnail","hentry"],"yoast_head":"<!-- This site is optimized with the Yoast SEO plugin v27.2 - https:\/\/yoast.com\/product\/yoast-seo-wordpress\/ -->\n<title>Etudes hygrothermiques de parois et ventilation &quot;gestion des mol\u00e9cules&quot; - Batiderm<\/title>\n<meta name=\"robots\" content=\"index, follow, max-snippet:-1, max-image-preview:large, max-video-preview:-1\" \/>\n<link rel=\"canonical\" href=\"https:\/\/batiderm.fr\/index.php\/etudes-hygrothermiques-de-parois-et-ventilation-gestion-des-molecules\/\" \/>\n<meta property=\"og:locale\" content=\"fr_FR\" \/>\n<meta property=\"og:type\" content=\"article\" \/>\n<meta property=\"og:title\" content=\"Etudes hygrothermiques de parois et ventilation &quot;gestion des mol\u00e9cules&quot; - Batiderm\" \/>\n<meta property=\"og:description\" content=\"Etudes hygrothermiques de parois (sous WUFI) et ventilation \u00ab\u00a0gestion des mol\u00e9cules\u00a0\u00bb Nouveau : Apr\u00e8s un travail de plusieurs mois, r\u00e9alis\u00e9 pour le projet de recherche Profeel 2 RESTORE, B\u00e2tiderm ing\u00e9nierie a d\u00e9velopp\u00e9 une expertise en simulation hygrothermique dynamique, en s&rsquo;appuyant notamment sur les travaux publi\u00e9s par le meilleurs centres scientifiques publics ou semi-publics fran\u00e7ais (CSTB [&hellip;]\" \/>\n<meta property=\"og:url\" content=\"https:\/\/batiderm.fr\/index.php\/etudes-hygrothermiques-de-parois-et-ventilation-gestion-des-molecules\/\" \/>\n<meta property=\"og:site_name\" content=\"Batiderm\" \/>\n<meta property=\"article:publisher\" content=\"https:\/\/www.facebook.com\/p\/Btiderm-Ingnierie-100063553359377\/\" \/>\n<meta property=\"og:image\" content=\"https:\/\/batiderm.fr\/wp-content\/uploads\/2025\/12\/Logo_BatidermIng_compact.jpg\" \/>\n\t<meta property=\"og:image:width\" content=\"1354\" \/>\n\t<meta property=\"og:image:height\" content=\"896\" \/>\n\t<meta property=\"og:image:type\" content=\"image\/jpeg\" \/>\n<meta name=\"twitter:card\" content=\"summary_large_image\" \/>\n<meta name=\"twitter:label1\" content=\"Dur\u00e9e de lecture estim\u00e9e\" \/>\n\t<meta name=\"twitter:data1\" content=\"1 minute\" \/>\n<script type=\"application\/ld+json\" class=\"yoast-schema-graph\">{\"@context\":\"https:\/\/schema.org\",\"@graph\":[{\"@type\":\"WebPage\",\"@id\":\"https:\/\/batiderm.fr\/index.php\/etudes-hygrothermiques-de-parois-et-ventilation-gestion-des-molecules\/\",\"url\":\"https:\/\/batiderm.fr\/index.php\/etudes-hygrothermiques-de-parois-et-ventilation-gestion-des-molecules\/\",\"name\":\"Etudes hygrothermiques de parois et ventilation \\\"gestion des mol\u00e9cules\\\" - Batiderm\",\"isPartOf\":{\"@id\":\"https:\/\/batiderm.fr\/#website\"},\"primaryImageOfPage\":{\"@id\":\"https:\/\/batiderm.fr\/index.php\/etudes-hygrothermiques-de-parois-et-ventilation-gestion-des-molecules\/#primaryimage\"},\"image\":{\"@id\":\"https:\/\/batiderm.fr\/index.php\/etudes-hygrothermiques-de-parois-et-ventilation-gestion-des-molecules\/#primaryimage\"},\"thumbnailUrl\":\"https:\/\/batiderm.fr\/wp-content\/uploads\/2025\/12\/Logo_BatidermIng_compact.jpg\",\"datePublished\":\"2025-12-30T10:53:47+00:00\",\"breadcrumb\":{\"@id\":\"https:\/\/batiderm.fr\/index.php\/etudes-hygrothermiques-de-parois-et-ventilation-gestion-des-molecules\/#breadcrumb\"},\"inLanguage\":\"fr-FR\",\"potentialAction\":[{\"@type\":\"ReadAction\",\"target\":[\"https:\/\/batiderm.fr\/index.php\/etudes-hygrothermiques-de-parois-et-ventilation-gestion-des-molecules\/\"]}]},{\"@type\":\"ImageObject\",\"inLanguage\":\"fr-FR\",\"@id\":\"https:\/\/batiderm.fr\/index.php\/etudes-hygrothermiques-de-parois-et-ventilation-gestion-des-molecules\/#primaryimage\",\"url\":\"https:\/\/batiderm.fr\/wp-content\/uploads\/2025\/12\/Logo_BatidermIng_compact.jpg\",\"contentUrl\":\"https:\/\/batiderm.fr\/wp-content\/uploads\/2025\/12\/Logo_BatidermIng_compact.jpg\",\"width\":1354,\"height\":896},{\"@type\":\"BreadcrumbList\",\"@id\":\"https:\/\/batiderm.fr\/index.php\/etudes-hygrothermiques-de-parois-et-ventilation-gestion-des-molecules\/#breadcrumb\",\"itemListElement\":[{\"@type\":\"ListItem\",\"position\":1,\"name\":\"Accueil\",\"item\":\"https:\/\/batiderm.fr\/\"},{\"@type\":\"ListItem\",\"position\":2,\"name\":\"Etudes hygrothermiques de parois et ventilation \u00ab\u00a0gestion des mol\u00e9cules\u00a0\u00bb\"}]},{\"@type\":\"WebSite\",\"@id\":\"https:\/\/batiderm.fr\/#website\",\"url\":\"https:\/\/batiderm.fr\/\",\"name\":\"Batiderm\",\"description\":\"R\u00e9nover et r\u00e9habiliter, \u00e9conome et confortable\",\"publisher\":{\"@id\":\"https:\/\/batiderm.fr\/#organization\"},\"potentialAction\":[{\"@type\":\"SearchAction\",\"target\":{\"@type\":\"EntryPoint\",\"urlTemplate\":\"https:\/\/batiderm.fr\/?s={search_term_string}\"},\"query-input\":{\"@type\":\"PropertyValueSpecification\",\"valueRequired\":true,\"valueName\":\"search_term_string\"}}],\"inLanguage\":\"fr-FR\"},{\"@type\":\"Organization\",\"@id\":\"https:\/\/batiderm.fr\/#organization\",\"name\":\"Batiderm\",\"url\":\"https:\/\/batiderm.fr\/\",\"logo\":{\"@type\":\"ImageObject\",\"inLanguage\":\"fr-FR\",\"@id\":\"https:\/\/batiderm.fr\/#\/schema\/logo\/image\/\",\"url\":\"https:\/\/batiderm.fr\/wp-content\/uploads\/2025\/09\/Logo_BatidermIng_compact.jpg\",\"contentUrl\":\"https:\/\/batiderm.fr\/wp-content\/uploads\/2025\/09\/Logo_BatidermIng_compact.jpg\",\"width\":1354,\"height\":896,\"caption\":\"Batiderm\"},\"image\":{\"@id\":\"https:\/\/batiderm.fr\/#\/schema\/logo\/image\/\"},\"sameAs\":[\"https:\/\/www.facebook.com\/p\/Btiderm-Ingnierie-100063553359377\/\"]}]}<\/script>\n<!-- \/ Yoast SEO plugin. -->","yoast_head_json":{"title":"Etudes hygrothermiques de parois et ventilation \"gestion des mol\u00e9cules\" - Batiderm","robots":{"index":"index","follow":"follow","max-snippet":"max-snippet:-1","max-image-preview":"max-image-preview:large","max-video-preview":"max-video-preview:-1"},"canonical":"https:\/\/batiderm.fr\/index.php\/etudes-hygrothermiques-de-parois-et-ventilation-gestion-des-molecules\/","og_locale":"fr_FR","og_type":"article","og_title":"Etudes hygrothermiques de parois et ventilation \"gestion des mol\u00e9cules\" - Batiderm","og_description":"Etudes hygrothermiques de parois (sous WUFI) et ventilation \u00ab\u00a0gestion des mol\u00e9cules\u00a0\u00bb Nouveau : Apr\u00e8s un travail de plusieurs mois, r\u00e9alis\u00e9 pour le projet de recherche Profeel 2 RESTORE, B\u00e2tiderm ing\u00e9nierie a d\u00e9velopp\u00e9 une expertise en simulation hygrothermique dynamique, en s&rsquo;appuyant notamment sur les travaux publi\u00e9s par le meilleurs centres scientifiques publics ou semi-publics fran\u00e7ais (CSTB [&hellip;]","og_url":"https:\/\/batiderm.fr\/index.php\/etudes-hygrothermiques-de-parois-et-ventilation-gestion-des-molecules\/","og_site_name":"Batiderm","article_publisher":"https:\/\/www.facebook.com\/p\/Btiderm-Ingnierie-100063553359377\/","og_image":[{"width":1354,"height":896,"url":"https:\/\/batiderm.fr\/wp-content\/uploads\/2025\/12\/Logo_BatidermIng_compact.jpg","type":"image\/jpeg"}],"twitter_card":"summary_large_image","twitter_misc":{"Dur\u00e9e de lecture estim\u00e9e":"1 minute"},"schema":{"@context":"https:\/\/schema.org","@graph":[{"@type":"WebPage","@id":"https:\/\/batiderm.fr\/index.php\/etudes-hygrothermiques-de-parois-et-ventilation-gestion-des-molecules\/","url":"https:\/\/batiderm.fr\/index.php\/etudes-hygrothermiques-de-parois-et-ventilation-gestion-des-molecules\/","name":"Etudes hygrothermiques de parois et ventilation \"gestion des mol\u00e9cules\" - Batiderm","isPartOf":{"@id":"https:\/\/batiderm.fr\/#website"},"primaryImageOfPage":{"@id":"https:\/\/batiderm.fr\/index.php\/etudes-hygrothermiques-de-parois-et-ventilation-gestion-des-molecules\/#primaryimage"},"image":{"@id":"https:\/\/batiderm.fr\/index.php\/etudes-hygrothermiques-de-parois-et-ventilation-gestion-des-molecules\/#primaryimage"},"thumbnailUrl":"https:\/\/batiderm.fr\/wp-content\/uploads\/2025\/12\/Logo_BatidermIng_compact.jpg","datePublished":"2025-12-30T10:53:47+00:00","breadcrumb":{"@id":"https:\/\/batiderm.fr\/index.php\/etudes-hygrothermiques-de-parois-et-ventilation-gestion-des-molecules\/#breadcrumb"},"inLanguage":"fr-FR","potentialAction":[{"@type":"ReadAction","target":["https:\/\/batiderm.fr\/index.php\/etudes-hygrothermiques-de-parois-et-ventilation-gestion-des-molecules\/"]}]},{"@type":"ImageObject","inLanguage":"fr-FR","@id":"https:\/\/batiderm.fr\/index.php\/etudes-hygrothermiques-de-parois-et-ventilation-gestion-des-molecules\/#primaryimage","url":"https:\/\/batiderm.fr\/wp-content\/uploads\/2025\/12\/Logo_BatidermIng_compact.jpg","contentUrl":"https:\/\/batiderm.fr\/wp-content\/uploads\/2025\/12\/Logo_BatidermIng_compact.jpg","width":1354,"height":896},{"@type":"BreadcrumbList","@id":"https:\/\/batiderm.fr\/index.php\/etudes-hygrothermiques-de-parois-et-ventilation-gestion-des-molecules\/#breadcrumb","itemListElement":[{"@type":"ListItem","position":1,"name":"Accueil","item":"https:\/\/batiderm.fr\/"},{"@type":"ListItem","position":2,"name":"Etudes hygrothermiques de parois et ventilation \u00ab\u00a0gestion des mol\u00e9cules\u00a0\u00bb"}]},{"@type":"WebSite","@id":"https:\/\/batiderm.fr\/#website","url":"https:\/\/batiderm.fr\/","name":"Batiderm","description":"R\u00e9nover et r\u00e9habiliter, \u00e9conome et confortable","publisher":{"@id":"https:\/\/batiderm.fr\/#organization"},"potentialAction":[{"@type":"SearchAction","target":{"@type":"EntryPoint","urlTemplate":"https:\/\/batiderm.fr\/?s={search_term_string}"},"query-input":{"@type":"PropertyValueSpecification","valueRequired":true,"valueName":"search_term_string"}}],"inLanguage":"fr-FR"},{"@type":"Organization","@id":"https:\/\/batiderm.fr\/#organization","name":"Batiderm","url":"https:\/\/batiderm.fr\/","logo":{"@type":"ImageObject","inLanguage":"fr-FR","@id":"https:\/\/batiderm.fr\/#\/schema\/logo\/image\/","url":"https:\/\/batiderm.fr\/wp-content\/uploads\/2025\/09\/Logo_BatidermIng_compact.jpg","contentUrl":"https:\/\/batiderm.fr\/wp-content\/uploads\/2025\/09\/Logo_BatidermIng_compact.jpg","width":1354,"height":896,"caption":"Batiderm"},"image":{"@id":"https:\/\/batiderm.fr\/#\/schema\/logo\/image\/"},"sameAs":["https:\/\/www.facebook.com\/p\/Btiderm-Ingnierie-100063553359377\/"]}]}},"_links":{"self":[{"href":"https:\/\/batiderm.fr\/index.php\/wp-json\/wp\/v2\/pages\/702","targetHints":{"allow":["GET"]}}],"collection":[{"href":"https:\/\/batiderm.fr\/index.php\/wp-json\/wp\/v2\/pages"}],"about":[{"href":"https:\/\/batiderm.fr\/index.php\/wp-json\/wp\/v2\/types\/page"}],"author":[{"embeddable":true,"href":"https:\/\/batiderm.fr\/index.php\/wp-json\/wp\/v2\/users\/1"}],"replies":[{"embeddable":true,"href":"https:\/\/batiderm.fr\/index.php\/wp-json\/wp\/v2\/comments?post=702"}],"version-history":[{"count":1,"href":"https:\/\/batiderm.fr\/index.php\/wp-json\/wp\/v2\/pages\/702\/revisions"}],"predecessor-version":[{"id":736,"href":"https:\/\/batiderm.fr\/index.php\/wp-json\/wp\/v2\/pages\/702\/revisions\/736"}],"wp:featuredmedia":[{"embeddable":true,"href":"https:\/\/batiderm.fr\/index.php\/wp-json\/wp\/v2\/media\/458"}],"wp:attachment":[{"href":"https:\/\/batiderm.fr\/index.php\/wp-json\/wp\/v2\/media?parent=702"}],"curies":[{"name":"wp","href":"https:\/\/api.w.org\/{rel}","templated":true}]}}